8 is divided by 34?
26
Calculate the remainder when 73449 is divided by 18361.
5
What is the remainder when 19995 is divided by 160?
155
Calculate the remainder when 1016490 is divided by 16395.
0
Calculate the remainder when 49724 is divided by 6211.
36
Calculate the remainder when 164377 is divided by 213.
154
What is the remainder when 25517 is divided by 948?
869
Calculate the remainder when 196313 is divided by 27.
23
What is the remainder when 4316 is divided by 145?
111
Calculate the remainder when 35409 is divided by 699.
459
Calculate the remainder when 2368 is divided by 2333.
35
Calculate the remainder when 35768 is divided by 11874.
146
Calculate the remainder when 5901 is divided by 1187.
1153
Calculate the remainder when 15995 is divided by 471.
452
What is the remainder when 14686 is divided by 32?
30
Calculate the remainder when 5371 is divided by 134.
11
What is the remainder when 90231 is divided by 121?
86
What is the remainder when 250561 is divided by 187?
168
Calculate the remainder when 5985 is divided by 299.
5
Calculate the remainder when 612 is divided by 44.
40
What is the remainder when 275727 is divided by 55?
12
Calculate the remainder when 5876 is divided by 7.
3
What is the remainder when 1022 is divided by 281?
179
What is the remainder when 97571 is divided by 97560?
11
What is the remainder when 419 is divided by 182?
55
What is the remainder when 10582 is divided by 433?
190
What is the remainder when 26961 is divided by 214?
211
Calculate the remainder when 145842 is divided by 1757.
11
What is the remainder when 1708 is divided by 132?
124
Calculate the remainder when 16919 is divided by 25.
19
What is the remainder when 2710751 is divided by 51?
50
What is the remainder when 3489 is divided by 385?
24
What is the remainder when 1121 is divided by 661?
460
Calculate the remainder when 49272 is divided by 1263.
15
What is the remainder when 10490 is divided by 118?
106
Calculate the remainder when 174999 is divided by 140.
139
What is the remainder when 53279 is divided by 18?
17
Calculate the remainder when 15627 is divided by 7735.
157
What is the remainder when 4095 is divided by 529?
392
Calculate the remainder when 9684 is divided by 13.
12
Calculate the remainder when 1857783 is divided by 42.
39
Calculate the remainder when 426994 is divided by 18.
16
Calculate the remainder when 466 is divided by 123.
97
Calculate the remainder when 24620 is divided by 4914.
50
What is the remainder when 348775 is divided by 99?
97
Calculate the remainder when 4607 is divided by 1354.
545
What is the remainder when 93233 is divided by 37?
30
What is the remainder when 3663 is divided by 1205?
48
Calculate the remainder when 182545 is divided by 34.
33
Calculate the remainder when 9678 is divided by 16.
14
Calculate the remainder when 2909 is divided by 330.
269
What is the remainder when 6210 is divided by 6199?
11
What is the remainder when 132348 is divided by 246?
0
Calculate the remainder when 66286 is divided by 68.
54
What is the remainder when 1709 is divided by 842?
25
Calculate the remainder when 68420 is divided by 7.
2
What is the remainder when 15007 is divided by 27?
22
What is the remainder when 726974 is divided by 30290?
14
Calculate the remainder when 32050 is divided by 16022.
6
What is the remainder when 39500 is divided by 63?
62
What is the remainder when 2526 is divided by 809?
99
Calculate the remainder when 231086 is divided by 3727.
12
Calculate the remainder when 7261 is divided by 692.
341
What is the remainder when 280 is divided by 127?
26
Calculate the remainder when 166841 is divided by 33365.
16
Calculate the remainder when 8236 is divided by 62.
52
Calculate the remainder when 16220 is divided by 362.
292
What is the remainder when 486934 is divided by 42?
28
Calculate the remainder when 819994 is divided by 17083.
10
Calculate the remainder when 3676 is divided by 80.
76
Calculate the remainder when 7958 is divided by 7767.
191
Calculate the remainder when 227405 is divided by 466.
463
What is the remainder when 1270339 is divided by 95?
94
What is the remainder when 37101 is divided by 81?
3
Calculate the remainder when 98134 is divided by 49055.
24
Calculate the remainder when 3193 is divided by 78.
73
Calculate the remainder when 697438 is divided by 242.
236
Calculate the remainder when 11556 is divided by 100.
56
Calculate the remainder when 7743 is divided by 18.
3
What is the remainder when 1768 is divided by 1613?
155
Calculate the remainder when 69649 is divided by 566.
31
Calculate the remainder when 4530027 is divided by 58.
53
Calculate the remainder when 2003854 is divided by 667951.
1
Calculate the remainder when 1900 is divided by 80.
60
Calculate the remainder when 4592 is divided by 99.
38
Calculate the remainder when 28122 is divided by 7030.
2
Calculate the remainder when 25845 is divided by 8614.
3
What is the remainder when 11393 is divided by 752?
113
Calculate the remainder when 6637 is divided by 7.
1
What is the remainder when 11086 is divided by 179?
167
Calculate the remainder when 183226 is divided by 15.
1
What is the remainder when 6398 is divided by 45?
8
Calculate the remainder when 65125 is divided by 368.
357
What is the remainder when 8476 is divided by 2560?
796
What is the remainder when 3805 is divided by 1900?
5
What is the remainder when 174309 is divided by 13406?
31
What is the remainder when 2495 is divided by 48?
47
What is the remainder when 142 is divided by 72?
70
Calculate the remainder when 764 is divided by 171.
80
What is the remainder when 7390 is divided by 1841?
26
Calculate the remainder when 26368 is divided by 6591.
4
Calculate the remainder when 134136 is divided by 22327.
174
Calculate the remainder when 3598 is divided by 3421.
177
What is the remainder when 585531 is divided by 117104?
11
What is the remainder when 157049 is divided by 158?
155
What is the remainder when 22312 is divided by 257?
210
What is the remainder when 54542 is divided by 62?
44
Calculate the remainder when 17147 is divided by 2839.
113
What is the remainder when 5824 is divided by 29?
24
What is the remainder when 10736 is divided by 92?
64
What is the remainder when 5508 is divided by 439?
240
Calculate the remainder when 30169 is divided by 842.
699
What is the remainder when 16979 is divided by 33?
17
Calculate the remainder when 2014 is divided by 945.
124
What is the remainder when 28546 is divided by 24?
10
What is the remainder when 1016 is divided by 112?
8
What is the remainder when 16931 is divided by 57?
2
What is the remainder when 20539 is divided by 214?
209
Calculate the remainder when 22220 is divided by 7311.
287
What is the remainder when 30587 is divided by 34?
21
What is the remainder when 60928 is divided by 40?
8
Calculate the remainder when 12387 is divided by 54.
21
What is the remainder when 46216 is divided by 46213?
3
What is the remainder when 194572 is divided by 16214?
4
Calculate the remainder when 8342 is divided by 267.
65
What is the remainder when 861 is divided by 859?
2
What is the remainder when 820 is divided by 352?
116
What is the remainder when 117866 is divided by 379?
376
What is the remainder when 88883 is divided by 1457?
6
Calculate the remainder when 2470 is divided by 491.
15
Calculate the remainder when 1401119 is divided by 360.
359
Calculate the remainder when 274 is divided by 146.
128
Calculate the remainder when 23973 is divided by 438.
321
Calculate the remainder when 217204 is divided by 26.
0
What is the remainder when 92734 is divided by 1131?
1123
What is the remainder when 422 is divided by 417?
5
Calculate the remainder when 31708 is divided by 528.
28
What is the remainder when 92869 is divided by 30955?
4
Calculate the remainder when 500672 is divided by 125161.
28
What is the remainder when 9484 is divided by 34?
32
What is the remainder when 3234 is divided by 406?
392
What is the remainder when 28309 is divided by 198?
193
What is the remainder when 12699 is divided by 231?
225
What is the remainder when 81727 is divided by 8?
7
What is the remainder when 13211 is divided by 466?
163
Calculate the remainder when 3935 is divided by 23.
2
Calculate the remainder when 3782 is divi